4*r - r - 91. What is the highest common divisor of r and 7?
7
Suppose 2*p = 5*u - 34 - 17, 39 = 5*u + 2*p. Let b = u + -6. Suppose -l = b*l - 40. Calculate the greatest common factor of 110 and l.
10
Let r = 223 - 103. Suppose -v + 15 + r = 0. Suppose v = 3*d - 117. Calculate the greatest common divisor of d and 21.
21
Let o be (-6)/(-4)*1/((-9)/(-12)). What is the greatest common factor of o and 14?
2
Let i(z) = 2*z - 10. Let m = -12 - -3. Let g = m + 18. Let o be i(g). What is the highest common divisor of 24 and o?
8
Let h be 2/(-7) - 172/(-14). Let q(f) = 6*f + 8*f - 3*f**2 + 3 - 2*f**3 + 1 - 8*f. Let i be q(-4). What is the highest common divisor of i and h?
12
Suppose -4*g + 16 = 0, -6*y = -4*y - 3*g - 2. Suppose 4*w - 29 = y. What is the greatest common divisor of w and 81?
9
Let q be ((1 - -9) + -1)/(3/32). Calculate the highest common divisor of q and 32.
32
Suppose -4*p - p + 25 = 0. Suppose -4*n = 2*a + 4, -2*a + 4*a + p*n = -8. What is the highest common factor of a and 54?
6
Let k(o) = -o + 16. Let d be k(13). Suppose c + 42 = 3*c. Calculate the greatest common factor of d and c.
3
Let o = -219 + 113. Let x = o - -231. What is the highest common divisor of 25 and x?
25
Let c(o) = -8*o**3 + 11*o**2 + 12*o - 4. Let w be c(-3). Suppose 5*l + 7 = 132. Calculate the greatest common factor of w and l.
25
Let i be (-4)/(16/(-50))*-2. Let r = -3 - i. Calculate the greatest common factor of 11 and r.
11
Let z(o) = -o - 4. Suppose -3 = 3*k + 9. Let t = -2 + k. Let c be z(t). Calculate the highest common divisor of 2 and c.
2
Let f = -56 - -106. What is the highest common divisor of f and 25?
25
Let y be 0 + (-6 - -6*11). Calculate the highest common factor of y and 30.
30
Suppose -2*q = -4, 2*m - m + 3*q = 66. Let n = 3 + 7. Calculate the highest common divisor of n and m.
10
Let t = 133 - 77. Suppose 4*w = -4*j + t, 3*w - 4*w - 4*j = -20. Calculate the greatest common factor of 12 and w.
12
Suppose 0 = -5*z + 4*x + 22, -z - 2*x = -12 + 2. Let r be 3*-10*(-10)/z. Calculate the greatest common divisor of r and 20.
10
Suppose 0 = 4*k - 6 + 18. Let z be 5 + -3 + 5 + k. What is the highest common divisor of 16 and z?
4
Let p = -9 - -13. Let h be 16 + (-2)/p*2. Suppose -9*t + 6*t + 90 = 0. Calculate the greatest common divisor of h and t.
15
Let k be 22*(-2)/((-6)/3). Calculate the highest common divisor of k and 2.
2
Let f(i) = -3*i + 4. Let z be f(-8). Calculate the greatest common factor of z and 42.
14
Suppose 7 = -5*n + 27. Suppose -12 = -5*f + 4*b + 93, 0 = -n*b - 20. Suppose -5*v - f = -107. What is the greatest common factor of v and 45?
9
Let m(c) = -20*c - 2. Let s be m(-1). Suppose 5*v - 454 + 94 = 0. What is the highest common divisor of s and v?
18
Suppose 1 = -f + 4. Suppose -a + 6*a = -f*r + 382, 0 = 5*a - r - 386. Calculate the greatest common factor of a and 7.
7
Let k(d) = 2*d + 4. Suppose -1 + 4 = a. Let s be k(a). Let q(y) = y**3 + 8*y**2 + 8*y + 5. Let u be q(-5). Calculate the highest common factor of s and u.
10
Let m be (-546)/9*30/(-20). Calculate the highest common factor of m and 26.
13
Suppose 81 = 3*q - 54. Calculate the greatest common divisor of q and 15.
15
Let w = -8 + 11. Let y(p) = 10*p**2 - 4*p + 3. Let m be y(w). What is the highest common divisor of m and 9?
9
Let h = -73 - -75. Calculate the highest common divisor of h and 46.
2
Suppose -8*o + 544 = -4*o. Calculate the greatest common factor of o and 17.
17
Let o = -178 + -67. Let g = -165 - o. What is the highest common factor of 10 and g?
10
Suppose 0 = a + 2*s + 3, -5*a + 4*a - 9 = 5*s. Let z be -3 + a/((-1)/(-24)). Let t be 6/z - (-173)/7. Calculate the greatest common factor of t and 10.
5
Suppose -r - 25 = -36. Calculate the highest common divisor of r and 11.
11
Let t = 61 + -35. Calculate the greatest common divisor of 52 and t.
26
Let k be 1 - (3 + 264/(-2)). Calculate the highest common factor of k and 26.
26
Let y(w) = -w**2 + 1. Let f be y(-3). Let r = 23 + f. What is the greatest common divisor of 6 and r?
3
Suppose 8*f - 90 - 118 = 0. Calculate the greatest common factor of 78 and f.
26
Let d(i) = i**2 + i - 3. Let t be d(3). Suppose -3*c + t = -2*c. Calculate the greatest common factor of c and 9.
9
Let f(w) = 2*w**2 + 6*w + 4. Let o be f(-5). Let a(r) = r**3 - 37*r**2 - 2*r + 86. Let x be a(37). Calculate the highest common factor of x and o.
12
Suppose -5*i = -55 - 45. Let h be (1*-15)/(3/(-4)). Calculate the highest common divisor of i and h.
20
Let v be 27/(-6)*(-15)/9*2. Suppose -2*f + 3*n + 12 = -n, -3*f + 4*n = -22. Calculate the greatest common factor of f and v.
5
Suppose l + 15 = -4*l. Let w(s) be the first derivative of 2*s**3/3 + 5*s**2/2 + 4*s + 1. Let t be w(l). Calculate the highest common factor of 35 and t.
7
Let b = -78 + 110. What is the greatest common divisor of 80 and b?
16
Let z(u) be the first derivative of u**2/2 - 2*u - 3. Let p be z(7). What is the highest common divisor of p and 5?
5
Let p be (-1833)/(-12) - 2/(-8). Calculate the greatest common divisor of p and 17.
17
Let z be 3 + ((-3)/3 - -4). What is the greatest common factor of 48 and z?
6
Suppose -2*g + 0*g + 23 = 3*s, -3*g = 5*s - 37. Suppose 0*u - 80 = -2*v + 5*u, -2*v + 62 = g*u. Calculate the greatest common divisor of v and 14.
7
Let j = -7 - -30. Let v = 65 + -42. Calculate the greatest common factor of v and j.
23
Let a = 6 + 6. What is the highest common divisor of a and 18?
6
Let i(h) = 4*h - 28. Let o be i(9). Calculate the highest common factor of o and 2.
2
Suppose w + 2 = -w. Let b(i) = i**2 - 2*i - 1. Let k be b(w). Suppose -p + k = p. Calculate the greatest common factor of p and 2.
1
Let x(b) = b**3 + 7*b**2 + 7*b + 11. Let t be x(-5). Calculate the greatest common divisor of t and 39.
13
Let v = 248 - 83. Suppose v = 6*s - s. What is the greatest common factor of 11 and s?
11
Let y(a) = 5 - 3*a**2 - 5 + 5*a**3 - 3. Let o be y(3). What is the highest common factor of o and 15?
15
Let r be 2 + 14 + (3 - 0 - 7). What is the greatest common divisor of 18 and r?
6
Let p(s) = -s**3 + 16*s**2 + 3*s - 37. Let g be p(16). Calculate the highest common divisor of 88 and g.
11
Let a = -8 + 12. Let o = 7 + -5. Suppose 3*m - 3*s = 27, -o*s + 34 = 3*m - 8. Calculate the highest common factor of a and m.
4
Let y(a) = a**2 + 12*a - 1. Let w be y(-13). What is the greatest common divisor of w and 12?
12
Let x = -5 - -20. Calculate the highest common divisor of x and 15.
15
Suppose 4*s - 5*f - 4 = -0, -s + 3*f + 1 = 0. Suppose 2*c = -2*v, 10 = 4*c - 3*v + 2*v. Let b be (c - 2) + 13 + s. What is the highest common factor of b and 2?
2
Suppose -v = -4*t + 10, 6*t = 2*t - 4*v. Suppose c + 3*f = 7, -3*c + 3 = t*f - 11. Let m be 75/6*c/5. What is the greatest common divisor of m and 10?
10
Suppose 0*n = -5*t - 4*n + 36, -3*n - 27 = -3*t. Let c = -4 - -5. Calculate the greatest common factor of c and t.
1
Let i = -3 - -4. Suppose 8*w + 0*w - 72 = 0. Calculate the greatest common factor of w and i.
1
Suppose 2*r = r. Suppose r = 5*n - 35 - 5. Suppose 0 = -0*m + 2*m - 176. What is the highest common divisor of m and n?
8
Suppose -3*a = -2*a - 5*v - 24, 2*v + 12 = a. Let f = a + 8. What is the highest common factor of 30 and f?
6
Let a be 9/(-3) + 5 + 182. Let q = 328 - a. Calculate the greatest common factor of 16 and q.
16
Let x be ((-8)/(-3))/((-10)/(-15)). Let t = 1 + 1. Suppose -2*r - 22 = -4*z, 0*r + 4*r = z - t. Calculate the highest common divisor of z and x.
2
Let m(j) = -j + 12. Let g = 17 + -23. Let b be m(g). What is the greatest common divisor of b and 18?
18
Let b = 12 - -76. Calculate the highest common divisor of b and 24.
8
Let u = 26 + -12. What is the highest common factor of 7 and u?
7
Let s = -16 + 28. What is the highest common divisor of s and 18?
6
Suppose 3*t - 6*t = -9, 0 = -z + 5*t + 525. Calculate the highest common divisor of z and 60.
60
Suppose 4*d = 5*f + 144, 3*d + 0*d = f + 108. What is the greatest common divisor of d and 4?
4
Let g be 24*(-1)/(-4)*2. What is the greatest common divisor of g and 12?
12
Suppose 5*g = 8 - 13. Let f be 48/3 + g + 3. What is the highest common divisor of 2 and f?
2
Suppose -3*a + 7 - 1 = 0. Calculate the highest common divisor of 6 and a.
2
Suppose -3528 = 46*x - 74*x. Suppose 0 = 3*q - 15 - 39. Wha